of r?
False
Suppose 0 = -4*i + 3*a + 5, 2*i = 8*a - 4*a. Suppose -h + 45 = i*h. Is 3/h - 149/(-5) a multiple of 15?
True
Does 11 divide ((-42)/35)/((-466)/465 + 1)?
False
Let t(g) = -g**3 + 12*g**2 - 46. Does 15 divide t(-7)?
True
Let v = -31 + 36. Let g(h) = 2*h**2 + h + 4. Is 12 a factor of g(v)?
False
Let u(z) = -1205*z + 86*z**2 + 1204*z + 56*z**2. Is u(-1) a multiple of 31?
False
Suppose 0 = 2*m - 5*m + 6. Suppose -m*y = -6*y. Let v(b) = b**3 - b**2 + 54. Is 27 a factor of v(y)?
True
Suppose 2*q = q + 2. Suppose -q*z + 11 + 3 = 0. Is z a multiple of 7?
True
Let h(a) = -a + 17. Let p be h(3). Let r = p - -29. Is 4 a factor of r?
False
Let p(m) = -39*m**3 - m**2 - m - 1. Let g be p(-1). Suppose 4*n + 30 = -g. Let h = 27 + n. Is 10 a factor of h?
True
Let m(v) = 21*v**2 - 2*v + 1. Suppose f - 7 = 3*c, -3*f - 2*f = c + 13. Let k be (7/21)/(f/(-6)). Is m(k) a multiple of 5?
True
Let r(k) = 9*k**2 - 1. Let v be r(-1). Suppose 4*m - 4*c = -v, 0 = -m - 0*c - 2*c + 10. Suppose 0 = -3*p - m*p + 135. Is 9 a factor of p?
True
Suppose 2*i - 49 = 23. Does 4 divide i?
True
Let w(v) = 3*v + 8. Let t be w(-2). Is 14 a factor of -1 + (1 - t) + 132?
False
Suppose 15825 + 2267 = 4*s - 4*h, -12 = 4*h. Is 20 a factor of s?
True
Is -178*(21/(-6) - -2) a multiple of 23?
False
Let v(u) = 3*u - 1. Let w be v(2). Suppose w*k = -5*c + 15, -c - 4*k + 12 = c. Suppose 5*j - 3*n - 20 = 87, c = -5*j - 4*n + 114. Does 11 divide j?
True
Suppose 0 = -26*f + 2367 + 9671. Is 65 a factor of f?
False
Let u(h) = -h**3 - 12*h**2 + 12*h + 19. Suppose 6*o - 11*o = 65. Let y be u(o). Is 14 a factor of 6/(-2) + 1 + y?
False
Let n be (-18)/63 + 74/14. Let v(q) = 5*q**2 + q + 5. Let b be v(5). Does 7 divide (12/n)/(18/b)?
False
Suppose -9184 = -4*m + 4*l, 8*l + 9154 = 4*m + 10*l. Is m a multiple of 6?
False
Let f(p) = p**2 - 5*p. Suppose 0 = 3*g - 4 - 29. Is f(g) a multiple of 17?
False
Suppose 2*j - 11 = -g, 0 = g + 2*g - 4*j + 7. Suppose 0*h = n - g*h + 9, 4 = h. Suppose -v = -22 - n. Is v a multiple of 5?
True
Let m be 340/8 + (-3)/(-2). Suppose -m = -3*z + 55. Suppose -24 = -3*u + z. Is u a multiple of 19?
True
Let y(r) = -14*r**2 - 6*r + 6. Let w be y(-8). Let c = -2122 - w. Does 24 divide c/(-50) - 2/(-5)?
False
Suppose 82 = -8*w - 502. Let j = 112 + w. Is j a multiple of 13?
True
Suppose 9109 - 54813 = -29*o. Is o a multiple of 7?
False
Let q = 6 + -4. Let h = 65 + -3. Suppose q*y = 4*m - h, -4*m + 3*y = m - 75. Is m a multiple of 13?
False
Let d = -20 + 73. Suppose -2*z + d + 73 = 0. Is 33 a factor of z?
False
Is 14 a factor of (-202323)/(-198) - (-1)/6?
True
Suppose -c + 3*t + 159 = 0, 13*c + 154 = 14*c - 2*t. Is 16 a factor of c?
True
Suppose 74*s - 2592 = 68*s. Is 54 a factor of s?
True
Suppose -4*s = -6*s + 8. Let h be (s/5)/((-1)/(-10)). Let i = h - -8. Is i a multiple of 4?
True
Let u = -3 - 1. Let d(p) = p**2 + 4*p + 10. Let n be d(u). Is n/6*(22 - 19) a multiple of 4?
False
Suppose 6 = -6*d - 0. Is 16 a factor of d/(-2) - 3225/(-50)?
False
Let n(w) = 4*w - 12. Let t be (40/14)/((-34)/(-119)). Is n(t) a multiple of 28?
True
Let w(k) = 2*k + 10. Let b be w(-5). Let i be 5 + b/((-2)/1). Let v = 28 + i. Is v a multiple of 11?
True
Let f(h) be the first derivative of -h - 27/2*h**4 - 1/3*h**3 - h**2 + 2. Is f(-1) a multiple of 27?
True
Let z(p) be the third derivative of p**4/24 + 43*p**3/6 + 38*p**2 - p. Is z(-15) a multiple of 14?
True
Let c(x) = 5*x + 1. Let i be c(1). Let t be (-5 - -14)*(-4)/i. Does 23 divide (-398)/t - (-22)/33?
False
Suppose -w - 13 = w + n, -w - 14 = 2*n. Does 7 divide 2/w + 0 + (-665)/(-38)?
False
Let x(c) = -2*c**3 + 3*c**2 - c - 3. Let j(s) = -s**3 - 19*s**2 + 22*s + 36. Let o be j(-20). Is x(o) a multiple of 8?
False
Suppose 0 = 3*d + 3, -3*d = 5*y - 12 + 125. Is 21 a factor of (-295)/(-9) + y/(-99)?
False
Let o = -35 + 39. Suppose 3*k + 4*h - 435 = -45, -2*k + 260 = -o*h. Is 10 a factor of k?
True
Let a be -2 - (1 - 0) - -274. Let t = 451 - a. Let z = t - 121. Does 14 divide z?
False
Let w(p) = -p**3 + 27*p**2 + 5. Let i be w(27). Suppose 4*s = 2*s + 4, -2*z + i*s + 80 = 0. Is 9 a factor of z?
True
Let m(f) = -f**3 + f**2 + 3. Let s be m(2). Let v be (10*s)/(4/8). Is 5 a factor of (16 - 15)/((-1)/v)?
True
Suppose 5*i - 3*t - 22 = -t, 4*t = -3*i + 8. Does 12 divide (3 - 51)*(-6)/i?
True
Let o(h) = h + 14. Let x be o(-6). Suppose -x*f = 3*c - 4*f - 425, 290 = 2*c + f. Suppose -3*g + c = 2*s, -3*s + 249 = s - 3*g. Is 33 a factor of s?
True
Let w = -22 - -37. Let v be -1*10/w*6. Does 34 divide v/(-10) - 4530/(-50)?
False
Let f = -11 + 14. Suppose 0 = -p - 4*g + 13, -f*p + g = -5*p + 40. Does 21 divide p?
True
Suppose 3*j - 5*f - 7 = 0, -3*j - f + 21 = 2*j. Suppose 2*q - 3*v + 4 = -2, 0 = -5*q - j*v - 38. Let k = q + 11. Does 4 divide k?
False
Let d(x) = 71*x - 13. Let q be d(-3). Let y = -84 - q. Is 19 a factor of y?
False
Let b(a) = 6*a**2 - 8. Suppose -5*m - 2*y + 115 = 3*y, 4*m = -2*y + 96. Let z = m + -20. Is b(z) a multiple of 26?
False
Let n(y) = -6*y + 43. Let t be n(-16). Let a = t - 41. Is a a multiple of 5?
False
Does 4 divide 2*(0 + 1) - (-58 + 36)?
True
Suppose -4*v + 2*v = -288. Suppose v + 66 = 3*z - 3*n, z + 2*n - 64 = 0. Is z a multiple of 22?
False
Suppose 0 = x - 5*a - 16, 3*x - 4*x + 2*a + 25 = 0. Is x even?
False
Let d = 23 + -19. Suppose -d*p = -3*p + 5*z - 106, -482 = -5*p - z. Is 14 a factor of p?
False
Suppose 11*g - 18*g = -497. Does 5 divide g?
False
Let b(i) = i**2 + 7*i + 16. Let a be b(-9). Let g = a - 26. Does 3 divide g?
False
Suppose 1 = z - 4*u - 10, 0 = u. Suppose -j + z = 4*v, 4*j - 76 = -j + v. Does 5 divide j?
True
Let y(k) = 45*k + 20. Is y(1) a multiple of 2?
False
Suppose -o + 9170 = 5*v, -13*v + 3680 = -11*v - 2*o. Is 49 a factor of v?
False
Let z = -13 + 18. Suppose 3*d - 2*c = 40, -2*c + 72 = z*d - 4*c. Let n = 12 + d. Is n a multiple of 7?
True
Suppose -z + 74 = -2*k, 3*k = z - k - 76. Is z a multiple of 9?
True
Let g = 391 - 304. Is g a multiple of 13?
False
Let z be (-8)/48 + 58/(-12). Let d = 29 + z. Is 19 a factor of (d + 0)/((-3)/(-8))?
False
Is 18 a factor of (-484)/(-3) + -1 + (-5)/(-3)?
True
Let g = -680 - -697. Is 7 a factor of g?
False
Let j be 3/6*12/(-3). Is 4 a factor of 8 - (j/1)/(-1)?
False
Let z be (-1 - -1) + -3 + -29. Let k = z - -49. Does 5 divide k?
False
Let g = 1334 + -672. Is 4 a factor of g?
False
Let o = 4356 - -890. Is 14 a factor of o?
False
Suppose 5*x - 1772 = 2*k, 13*k - 16 = 9*k. Is 13 a factor of x?
False
Suppose 0 = 4*o - 27 + 3. Let q be -29*3*(-1 - 0). Let d = q + o. Does 31 divide d?
True
Let g(t) be the third derivative of 7*t**6/360 + 5*t**4/24 + t**2. Let h(z) be the second derivative of g(z). Is h(3) a multiple of 21?
True
Let q = 15 - 10. Suppose 0 = -4*k, -b + k = -0*k - q. Suppose -2*j + f = -25, -b*f + 2 = -4*j + 55. Does 4 divide j?
True
Let r(x) = -x**3 - 10*x**2 + 11*x - 16. Let w(i) = i**2 - 13*i + 18. Let u be w(10). Is r(u) a multiple of 28?
True
Suppose 10731 = 17*y + 32*y. Is y a multiple of 5?
False
Suppose -2*k - 6 = 0, 0 = -25*t + 26*t - 5*k - 2364. Is 19 a factor of t?
False
Let r(f) = 13*f**3 + f**2 + f - 1. Let a be r(-2). Suppose 22*v - 23*v = i - 161, 5*v = -i + 817. Let h = v + a. Is h a multiple of 31?
False
Suppose 8*r = 61 + 27. Let c = 23 + r. Is 17 a factor of c?
True
Let h(n) = n**2 - 1. Let v be h(2). Let g be 0/(-4) - 0/v. Suppose 3*c - 72 + 18 = g. Is c a multiple of 7?
False
Let v = -2 + 3. Let x(y) = 5*y**2 + v - 1 - 3 - 3*y. Is 11 a factor of x(-2)?
False
Let l be (2*1)/(4/50). Suppose 0 = p - d - d + 15, -p - 16 = -3*d. Let r = p + l. Is r a multiple of 3?
True
Suppose 0 = -20*d + 24*d - 936. Does 13 divide d?
True
Suppose 3*t + 5*m - 2*m = 429, -5*m = 10. Suppose -t = -4*l + 95. Does 20 divide l?
True
Let w(t) = 8*t**2 + 27*t - 37. Does 61 divide w(9)?
True
Suppose 0 = 22*l - 785 - 271. Is l a multiple of 24?
True
Let m(n) = n**2 - 2*n + 14. Let p be m(7). Suppose 2*q - h - 29 = 0, 3*q + 7 = 3*h + p. Does 5 divide q?
True
Let m(h) = -2*h**2 + h - 57. Let o(x) = 1. Let q(c) = -m(c) - 5*o(c). Does 5 divide q(0)?
False
Suppose -3*w = y - 1048, 16 = 3*y + y. Does 4 divide w?
True
Let m = -210 + 453. Does 20 divide m?
False
Let r = 7 + -9. Let h = 5 + r. Suppose -5 - 15 = -i - 2*t, h*i + 4*t - 68 = 0. Does 14 divide i?
True
Let i(f)